t is the remainder when i/(3 + (-25)/8) is divided by 3?
2
Let c(k) = -2*k - 6. Suppose 2*y + 8 + 30 = 4*j, j - 4*y = 6. Suppose -4*q + j = -2*q. What is the remainder when q is divided by c(-4)?
1
Suppose 0 = 4*t - 2 - 10. Let q(u) = -u**3 - 8*u**2 - 9*u - 9. Suppose -5*r + 35 = -2*j - 4, -5*j - 4*r = 15. What is the remainder when q(j) is divided by t?
2
What is the remainder when (-2)/(((-24)/52)/3) is divided by 5?
3
Let m = 1 + 0. Suppose 0 = -6*k + 8*k - 24. Calculate the remainder when 10 is divided by ((-2)/(-4))/(m/k).
4
Let m = 22 + -17. What is the remainder when 13 is divided by m?
3
Suppose 0 = 3*i - 0 + 42. Suppose -3*b - 1 + 109 = 3*q, 3*b + q - 104 = 0. What is the remainder when b is divided by (-256)/i + (-6)/21?
16
Suppose 0 = -10*w + 13*w - 93. Let v = -7 - -18. What is the remainder when w is divided by v?
9
Let j(x) = 11*x. Let l(s) = -4*s - 3 + 3*s + 0*s - 3*s. Calculate the remainder when l(-6) is divided by j(1).
10
Suppose 0 = 2*s + b - 15, 2*b - 39 = -5*s - 3. What is the remainder when 19 is divided by s?
1
Suppose -z + 0*z + 69 = -2*x, 255 = 4*z - x. Calculate the remainder when z is divided by 11.
8
Suppose -2*d = -o - 21, -1 = 4*d - 3*o - 48. Let g = d + 1. Let q = g - 4. What is the remainder when 19 is divided by q?
4
Let p = -2 - -2. Suppose 2*f + 30 = 4*f - 3*x, -4*f - x + 46 = 0. Suppose p = -3*q + 42 - f. Calculate the remainder when 19 is divided by q.
9
Suppose 8*y = 3*y - 10, i + 9 = -4*y. What is the remainder when 87 is divided by (-3)/(-1) + (i - -20)?
21
Suppose -4*v - v + 95 = 0. Let r(q) = 7*q + 25. What is the remainder when r(7) is divided by v?
17
Suppose 4*g + 8 = 5*f - 33, -37 = -5*f + 3*g. Let k be (-2)/f + 17/5. Calculate the remainder when 5 is divided by k/((1/1)/1).
2
Let q(r) = r**2 - 11*r - 2. Let i be q(9). Let c = -14 - i. What is the remainder when c is divided by 2?
0
Let h = 10 + -1. Suppose 0 = 2*t + r - 28, 3*t - 3 - 29 = -4*r. What is the remainder when t is divided by h?
7
Let q(u) = -u**2 + u + 8. Let w be q(7). Let i = -21 - w. Let g(b) = 36*b + 1. What is the remainder when g(1) is divided by i?
11
Suppose 6*c = 3*c + 15. Calculate the remainder when c is divided by 3.
2
Suppose 93 = 6*o - 3*o. Let i = o + -14. Let d = -3 + i. What is the remainder when 40 is divided by d?
12
Let j = -11 + 15. Calculate the remainder when (25 + -3)*3/6 is divided by j.
3
Suppose 4*x = -0*x + 224. What is the remainder when 27 is divided by (40/14)/(16/x)?
7
Let f = -1 - -4. Calculate the remainder when 22 is divided by (12 - f) + 1 + -2.
6
Let n(d) = -6*d - 26. What is the remainder when 15 is divided by n(-6)?
5
Let t(m) = m**2 - 4*m + 1. Calculate the remainder when 10 is divided by t(5).
4
Suppose -2*p - 3*q = -248, 2*p + q - 476 = -2*p. Calculate the remainder when p is divided by 24.
22
Let a(s) = s**2 - 13*s + 6. Let w be a(12). Let k(g) = -g**3 - 6*g**2 + 4. Calculate the remainder when 10 is divided by k(w).
2
Let s = 1 - -2. Calculate the remainder when (2 + 18)/2 + 0 is divided by s.
1
Let w = -32 + 39. Let n(t) = -t**3 - 6*t**2 - 4*t. Let b be n(-6). Suppose b = -3*x + w*x. What is the remainder when 16 is divided by x?
4
Suppose 0 = -4*x - 46 + 6. Suppose 0 = -0*o - 5*o + 110. Let t = x + o. What is the remainder when 35 is divided by t?
11
Let f(l) = -l + 63. Calculate the remainder when 114 is divided by f(5).
56
Let l be (1 - -2)/((-3)/9). Let t = l - -43. What is the remainder when t is divided by 12?
10
Suppose 57 = 5*q - 83. Suppose -4*l + 62 = -t, 5*l + 11 = t + 88. Calculate the remainder when q is divided by l.
13
Suppose -5*i + 3*r = -46, i - 23 = -0*r - 4*r. Calculate the remainder when 124/6 + (-1)/(-3) is divided by i.
10
Suppose -2*i + 7 + 5 = 0. Let h(d) = d**2 + 7. Let l be h(i). Suppose 5*t - 4*t = l. What is the remainder when t is divided by 11?
10
Calculate the remainder when 46 is divided by 4/6*-9*-2.
10
Suppose 0 = -y + 22 + 3. What is the remainder when y is divided by 15?
10
Let v be (-1)/(-6) + 174/36. Let a = v + 0. Calculate the remainder when a is divided by 4.
1
Calculate the remainder when 39 is divided by ((-21)/(-6))/(13/26).
4
Let v = 22 - 13. Suppose -12 = -g + v. Calculate the remainder when g is divided by 6.
3
Let z be 6/(-12) - (-23)/(-2). Let k be (z/(-10))/((-3)/(-10)). Suppose 0*r - k = -r. Calculate the remainder when r is divided by 2.
0
Suppose 0 = 5*q - 7*q + 12. Suppose 27 = -q*g + 9*g. Calculate the remainder when 34 is divided by g.
7
What is the remainder when (-2)/12 + (-283)/(-6) is divided by 8?
7
Suppose 6*f - 23 - 97 = 0. Let q = 42 - 219. Let w = -118 - q. Calculate the remainder when w is divided by f.
19
Let s(c) = -c**3 - 3*c**2 + c + 7. Suppose -5*u = -26 - 24. What is the remainder when s(-4) is divided by u?
9
Let c = 1 + 0. What is the remainder when c is divided by (-4)/(-18) + 14/18?
0
Let b = -25 - -80. What is the remainder when b is divided by 15?
10
Let v = 29 - 14. Suppose 0 = y - 5*h + 21, 4*y = h - 2*h + 21. What is the remainder when v is divided by y?
3
Let n = 35 - 25. Calculate the remainder when 25 is divided by n.
5
Let f = -46 + 66. Calculate the remainder when f is divided by 7.
6
Let g = 40 - 21. Suppose 3*l - 89 = 2*l - 5*t, -382 = -5*l - 4*t. What is the remainder when l is divided by g?
17
Suppose -4*d + 0*d + 4*u + 72 = 0, 4*d = -2*u + 42. Calculate the remainder when 37 is divided by d.
11
Let g = 99 - 18. Calculate the remainder when -2*g/(-6) - -2 is divided by 16.
13
What is the remainder when 111 is divided by ((-7)/21)/((-2)/168)?
27
Let h(l) = -l**2 + 14*l + 2. Calculate the remainder when h(10) is divided by 15.
12
Suppose 0 = 4*h - 5*h + 3. What is the remainder when 9 is divided by h/(-5) + (-28)/(-5)?
4
Let w be ((-24)/(-6))/(1/(-7)). What is the remainder when 81 is divided by (w/(-8))/(1/6)?
18
Let h = 12 - 11. Suppose 44 + h = 5*r. Calculate the remainder when r is divided by 4.
1
Let n(i) = -i - 6. Let o be n(-4). What is the remainder when 37 is divided by (6 - -20)/(0 - o)?
11
Let t(x) = x**2 + 17*x + 8. Calculate the remainder when 21 is divided by t(-17).
5
Let a = 0 + 2. Suppose 0 = a*i - 19 - 19. What is the remainder when i is divided by 10?
9
What is the remainder when -1 - 3 - -5*14 is divided by 17?
15
Suppose 0 = 10*q - 13*q + 36. Let z(l) = -l**2 - 11*l - 12. Let p be z(-8). What is the remainder when 260/p + (-1)/(-3) is divided by q?
10
Let m(t) = 5*t**2 - 2*t. Calculate the remainder when m(-2) is divided by 13.
11
What is the remainder when (16/6 + -2)*21 is divided by 5?
4
Let x(f) = -f**3 - 3*f**2 - 2*f. Let o(c) = c**2 + 4*c - 3. Let v be o(-4). Let z be x(v). What is the remainder when 10 is divided by (-69)/(-15) - z/10?
2
Let u = 31 + -16. Let y(i) = 23*i - 3. What is the remainder when y(2) is divided by u?
13
Let p(y) = 3*y**3 - 6*y**2 + y - 3. Let m(z) = 16*z**3 - 30*z**2 + 6*z - 15. Let k(x) = 2*m(x) - 11*p(x). What is the remainder when k(5) is divided by 17?
16
Let s be (-8)/(-3)*(-135)/36. Let y = s - -17. What is the remainder when 27 is divided by y?
6
Suppose -z = -1 - 13. What is the remainder when 26 is divided by z?
12
Suppose -10 - 59 = -3*p. Calculate the remainder when 68 is divided by p.
22
Suppose 5*o - 49 - 1 = 0. What is the remainder when 27 is divided by o?
7
Let c be 0 + 2*-1 - -26. Suppose 2*m = 14 - 4. Suppose -t = -m*t + c. Calculate the remainder when 17 is divided by t.
5
Let h(i) = -i**3 + 9*i**2 - 8*i + 10. Let n be h(8). Suppose o - 2 = -r, 3*r = 4*r + 5*o + n. What is the remainder when 9 is divided by r?
4
Let c(v) = 5 + 17*v + 2 - 8. Calculate the remainder when 62 is divided by c(1).
14
Let v(n) = 2*n - 5. Let w be v(4). Suppose w*k - 4*u = -3*u + 6, 2*u = 6. What is the remainder when 8 is divided by k?
2
Suppose 1 = d - 3. Suppose 0 = -d*j - 11 + 51. Let k = 9 - 3. What is the remainder when j is divided by k?
4
Let p(k) = -k + 1. Calculate the remainder when 121/7 - 4/14 is divided by p(-8).
8
Let y(q) = -q**2 - 19*q + 17. Calculate the remainder when y(-16) is divided by 22.
21
Let c(n) = 4*n**2 + 8*n - 11. What is the remainder when 82 is divided by c(2)?
19
Let b(t) = 4*t**2 + 4*t - 3. What is the remainder when 39 is divided by b(-3)?
18
Calculate the remainder when 9/(-6) - (-61)/2 is divided by 8.
5
Suppose 13 =